 divided by 9.
8
Let v = -12297 - -12319. Suppose -2*k = 4*l - l - 176, l = 3*k - 253. Calculate the remainder when k is divided by v.
19
Let g(q) = -q**3 - 13*q**2 + 93*q + 130. Calculate the remainder when 1670 is divided by g(-18).
74
Let a be (42/(-24))/(1/(-48)). Let n = a + -189. Let m = -90 - n. Calculate the remainder when 40 is divided by m.
10
Let d = 32166 + -32003. Calculate the remainder when 1186 is divided by d.
45
Let r = -8147 + 8360. Calculate the remainder when 652 is divided by r.
13
Let o = -19182 + 19466. Calculate the remainder when 1039 is divided by o.
187
Let p = -193 - -96. Let m = -42 - p. Calculate the remainder when m is divided by (8 + (-860)/100)/(6/(-140)).
13
Let u(m) = -46*m**3 - 3*m**2 + 155*m + 156. Let f = 27 + -17. Calculate the remainder when u(-1) is divided by f.
4
Suppose -3546 = -163*s + 154*s. Calculate the remainder when s is divided by 6.
4
Let r = -17423 - -17446. Calculate the remainder when 42525 is divided by r.
21
Suppose 5 = -4*i - 5*w - 15, 0 = -5*i - 2*w - 25. What is the remainder when 45 is divided by i*1*(-72)/15?
21
Let k = -178 - -210. Suppose 0 = 38*q - k*q - 1710. Calculate the remainder when q is divided by 12.
9
Suppose -4*f - 5*v + 260 + 144 = 0, -3*f = -v - 284. What is the remainder when 276 is divided by f?
84
Let z(c) = c**3 + 35*c**2 - 18*c - 113. Calculate the remainder when z(-35) is divided by 90.
67
Let h = -5 + 25. Let y = h - -88. Let z(f) = -24*f**2 + 316*f - 15. Calculate the remainder when y is divided by z(13).
34
Suppose -2*f + 14 = 0, -4*f = -2*i + 634 + 216. What is the remainder when i is divided by 116?
91
Let o(g) = g**3 - g**2 - g + 65. Let q be o(0). Suppose -m + 30 = 4*w - 5, 3*m + 4*w - q = 0. Let k = 224 + -219. What is the remainder when m is divided by k?
0
Suppose n - 19 = -3*r, -20*r - 75 = -5*n - 15*r. Let u(v) = v**3 - 15*v**2 - 3*v - 5. What is the remainder when u(n) is divided by 32?
11
Let h(l) = 3*l**3 + 31*l**2 + 12*l + 78. Calculate the remainder when 89 is divided by h(-10).
31
Let y(j) = 1147*j + 1253. Calculate the remainder when 434 is divided by y(-1).
10
Suppose 0 = -3*o + 2*s + 3723, 11*o + 3705 = 14*o - 5*s. Calculate the remainder when o is divided by 311.
1
Suppose -z - 10*h = -13*h - 245, 5*z = -5*h + 1225. Calculate the remainder when z is divided by 14.
7
Let x = 162 - 82. Let n(r) = -16*r - 65. Let s be n(-10). Let f = s - x. What is the remainder when 57 is divided by f?
12
Let n(g) be the first derivative of g**4/2 - 7*g**3/3 + 5*g**2/2 - 4*g - 30. Let q be n(3). Calculate the remainder when 25 is divided by (5 - -8 - -1)/(q/2).
11
Let t(o) = -2*o**2 - 17*o + 2. Let m(u) = -4*u**2 - 32*u + 3. Let v(c) = -6*m(c) + 11*t(c). Calculate the remainder when v(3) is divided by 20.
17
Let j = -4 - -7. Let k be 10/6*(78 + (6 - -3)). Let c = k - 138. What is the remainder when c is divided by j?
1
What is the remainder when 291 is divided by (4862/1309)/(2/28)?
31
Let a be 0*1/10*5. Suppose -8*q + 11*q - 15 = a. Let b(y) = y**3 - 6*y**2 + 5*y + 3. What is the remainder when 9 is divided by b(q)?
0
Let d(g) = -g**2 - 18*g - 44. Let h be d(-16). Let r(c) = c**3 + 13*c**2 - 13*c + 11. What is the remainder when r(h) is divided by 105?
101
Let p = 4686 - 4633. Calculate the remainder when 125 is divided by p.
19
Calculate the remainder when ((-63990)/36)/5*2/(-3) is divided by 223.
14
Suppose 6*u - 64 = 110. Let t = u + -44. What is the remainder when 22 is divided by (2/3)/(12/(-54)) - t?
10
Let h = 9866 + -9853. Let c = -46 - -89. What is the remainder when c is divided by h?
4
Suppose -3*p + 75 = -4*w, -6*w + 2*w - 78 = -2*p. Let n = 107 + w. What is the remainder when n is divided by 27?
5
Let v(k) = 481*k**2 - 5*k - 2. Let o be v(-2). Suppose 0*m = 14*m - o. Calculate the remainder when m is divided by 35.
33
Suppose -779*m = -748*m - 4495. Calculate the remainder when m is divided by 72.
1
What is the remainder when 167 is divided by -15 - -17 - ((-12)/4 + -2)?
6
Suppose 4*t - 118 = -y - y, 5*t - y - 165 = 0. Calculate the remainder when ((-18)/(-8))/(1/64) is divided by t.
16
Let n(g) = -59*g**3 - 3*g**2 - 6*g. Suppose 0 = -3*t - 2*q + 133, -5*t + 12*q - 13*q + 217 = 0. Calculate the remainder when n(-2) is divided by t.
42
Suppose -7*r = -173 + 460. Let w(x) = -50*x**3 - 2*x**2 - x. Let b be w(-1). Let s = b + r. What is the remainder when s is divided by 5?
3
Let i be 5 - 5 - (-28 - 0). Suppose -136*a - i = -138*a. Calculate the remainder when a is divided by 10/(-3)*24/(-20).
2
Let r = 104 + -38. What is the remainder when r is divided by (-2 - (5 - 7))*1 + 4?
2
Let q = -40 - -67. Let y = q + -25. Suppose -2*c - 142 = -4*v, -65 = -y*v - c + 4. Calculate the remainder when 69 is divided by v.
34
Suppose -5*y + 5*w + 210 = 0, 17*w = 13*w. What is the remainder when 627 is divided by y?
39
Let o(i) = 58*i + 23. What is the remainder when o(5) is divided by -4 + 2 + 296/8?
33
Let w = 24 + 25. Let s = 45 - w. Calculate the remainder when (1 + s)*(-2 + -9) is divided by 18.
15
Let t(n) = 6*n**2 - 186*n + 1015. Suppose -5*p = 5*f - 1460, -4*p = 3*f - 2*f - 292. Calculate the remainder when f is divided by t(24).
5
What is the remainder when 97 is divided by (84/(-9))/(22/(-198))?
13
Let u(s) = 39*s - 32. Let m be u(6). Suppose m = -5*f + 52. Let l = -25 - f. What is the remainder when 7 is divided by l?
2
Suppose 4*i = 4*x - 172, 2*i = 3*x - 45 - 78. What is the remainder when ((-16)/10)/(((-24)/(-410))/(-6)) is divided by x?
16
Calculate the remainder when 167 is divided by (364/(-39))/2*-30.
27
Suppose 4*i = -t + 4340, -i - 178 = -2*t - 1254. Let a = i + -479. Suppose 34*f = 39*f - a. What is the remainder when f is divided by 41?
39
Suppose 17*v + 104 + 32 = 0. Let x be v/2*(-30)/40. Suppose -x*q = -9, 8*l + q - 39 = 4*l. Calculate the remainder when 23 is divided by l.
5
Suppose -3*d - 4*w + 150 = 0, 4*d - 175 = -w + 4*w. Let k(i) = 18*i + 65. Let l be k(-6). Let a = l + d. What is the remainder when 25 is divided by a?
1
Let d(f) = -34*f - 126. Let i be (1/(-3))/(49/882). Calculate the remainder when d(i) is divided by 29.
20
Let s = -77 + 73. Let x be (4512/(-14))/(-6) - s/14. Let c = 68 - x. What is the remainder when 39 is divided by c?
11
Let x(u) = -6*u**2 - 258*u + 1523. Calculate the remainder when (-1334)/(-8) + (-3)/(-12) is divided by x(5).
1
Let s(t) = -t + t**2 + 8*t - t**3 - t - 1. Let w be s(5). Let j = -55 - w. What is the remainder when 109 is divided by j?
13
Suppose -562*y + 12405 = 4537. What is the remainder when y is divided by (-4)/6 - (-23)/3?
0
Suppose -19008 = 32*l + 4*l. Let o = l + 692. What is the remainder when o is divided by 55?
54
Let m = 12606 - 12555. Calculate the remainder when 858 is divided by m.
42
Let t = 3364 + -3068. What is the remainder when 1023 is divided by t?
135
Let q(d) = 9*d**2 + 37*d - 177. Calculate the remainder when q(5) is divided by (-406)/58 + 1*16.
8
Let b(x) = -71*x + 774. Suppose 0 = -0*t + t + 5. Calculate the remainder when b(10) is divided by (26/(-8))/(t/20).
12
Let o = 6009 + -5852. What is the remainder when o is divided by 42?
31
Let c(a) be the third derivative of -a**5/60 - a**4/8 + 7*a**3/6 + 245*a**2. What is the remainder when 244 is divided by c(-3)?
6
What is the remainder when 972 is divided by 2604/24 - (-9)/(-6)?
9
Suppose -n - 3760 = -5*p, 0 = 2*p - 3*n - 1316 - 188. Let x = p - 394. Calculate the remainder when x is divided by 72.
70
Let o(g) = 11*g**3 - 41*g**2 - 45*g - 19. Calculate the remainder when o(8) is divided by 657.
1
Suppose 0 = -2*b - 0*k - 2*k + 66, 4*b - 150 = 2*k. Let a(t) = 2*t + 9. Let v be a(23). Suppose -v = m - 67. Calculate the remainder when b is divided by m.
0
Suppose 0 = 10*v + 4*v - 350. Suppose a = -4*t + v + 29, -2*t = 4*a - 258. Calculate the remainder when 256 is divided by a.
58
Let n be -10*9/(-27)*6/4. Suppose -n*a + 2*v + 37 = 0, 5 + 11 = 3*a + 5*v. Calculate the remainder when 132 is divided by a.
6
Suppose 90*d + 83*d - 70*d = 3502. Calculate the remainder when 4478 is divided by d.
24
Calculate the remainder when ((-208)/64)/((3 - -2)/(-80)) is divided by 22.
8
Let n(p) = -p**2 + 3*p**2 + 5*p - 40*p - 62*p + 148. What is the remainder when 285 is divided by n(47)?
5
Suppose -r + 2540 = 4*r. Suppose -5*n - r = -9